{"id":214,"date":"2014-03-23T12:36:01","date_gmt":"2014-03-23T10:36:01","guid":{"rendered":"http:\/\/gelstertalschule.de\/wordpress\/?page_id=214"},"modified":"2023-12-07T11:05:34","modified_gmt":"2023-12-07T10:05:34","slug":"foerderverein","status":"publish","type":"page","link":"https:\/\/gelstertalschule.de\/wordpress\/unsere-schule\/foerderverein\/","title":{"rendered":"F\u00f6rderverein"},"content":{"rendered":"<h5 style=\"text-align: justify;\"><span style=\"font-size: large;\">Unser<\/span><span style=\"color: #0000ff;\"><strong><span style=\"font-size: large;\"> &#8222;<span style=\"text-decoration: underline;\">Verein zur F\u00f6rderung der Lesekultur im Einzugsgebiet der Gelstertalschule Hundelshausen e.V.<\/span>&#8220; <\/span><\/strong><\/span><span style=\"font-size: large;\">f\u00f6rdert das Lesen, organisiert seit 2016 die Ganztagsbetreuung und unterst\u00fctzt uns in vielen schulischen Bereichen. <\/span><\/h5>\n<h5 style=\"text-align: justify;\"><span style=\"font-size: large;\"><span style=\"color: #000000;\">Seit 2018 ist unser Verein auch der <span style=\"text-decoration: underline; color: #0000ff;\"><strong>Tr\u00e4ger der Ganztagsbetreuung <\/strong><\/span><\/span><span style=\"color: #ff0000;\"><span style=\"color: #0000ff;\">im &#8222;Pakt f\u00fcr den Nachmittag&#8220;<\/span> <span style=\"color: #000000;\">und gew\u00e4hrleitet eine Ganztagsbetreuung bis 17 Uhr mit einer Vielzahl an attraktiven <\/span><\/span><\/span><span style=\"font-size: large;\">AG-Angeboten.<\/span><\/h5>\n<h4><em>Der Verein verwaltet ebenso den eingesammelten <strong>Papierpfennigbeitrag\u00a0<\/strong>f\u00fcr die Kosten des Fotokopierers f\u00fcr unterrichtliche Arbeitsbl\u00e4tter, er tr\u00e4gt die Kosten des Schwerpunktes f\u00fcr &#8222;Bildung und Nachhaltige Entwicklung&#8220; (unsere BNE-Projekte) und stattet fortlaufend unsere Schulb\u00fccherei aus. Finanzielle Spenden zur Unterst\u00fctzung der schulischen Arbeit nimmt der Lesef\u00f6rderverein gerne entgegen. Sie k\u00f6nnen mit einem Jahresbeitrag von 20\u20ac auch Mitglied des Verein werden.<br \/>\n<\/em><\/h4>\n<h3><strong>\u00a0Hier finden Sie unsere <span style=\"color: #0000ff;\">Lesef\u00f6rderverein &#8211; Beitrittserkl\u00e4rung: <a href=\"https:\/\/gelstertalschule.de\/wordpress\/wp-content\/uploads\/2022\/07\/Foerderverein-Gelstertalschule-Beitrittserklaerung.pdf\">Beitrittserkl\u00e4rung<\/a><\/span><\/strong><\/h3>\n<h3><\/h3>\n<h3><strong><span style=\"color: #0000ff;\">Vorstand <\/span>des Lesef\u00f6rdervereins: <\/strong><\/h3>\n<h3>Vorsitzende: Lucy Neumann<\/h3>\n<h3>Stellvertreterin: Nadine Hahne<\/h3>\n<h3>Kassierer: Waldemar Rescher<\/h3>\n<h3>Schriftf\u00fchrer: Anja Spindler<\/h3>\n<p>&nbsp;<\/p>\n<h3><span style=\"color: #000000;\"><span style=\"color: #0000ff;\">E-Mail<\/span>: <\/span><a title=\"lesekultur-gelstertal@t-online.de\" href=\"mailto:lesekultur-gelstertal@t-online.de\" data-atip=\"commlink::email||C|A\"><span style=\"color: #000000;\"><span class=\"highlightText\">lese<\/span>kultur-gelstertal@t-online.de<\/span><\/a><\/h3>\n<h3><span style=\"color: #0000ff;\">Bankverbindung<\/span><strong> (<span style=\"color: #000000;\">IBAN<\/span>): DE53 5225 0030 0050 0305 43<\/strong><\/h3>\n<h3><strong><span style=\"color: #0000ff;\">Steuernummer <\/span>des gemeinn\u00fctzigen Vereins: <span class=\"cmp_parsed_phone\" data-cmp_parsed_phone=\"+494125053127\" data-ce-class=\"Phones\">041 25053127<\/span><\/strong><\/h3>\n","protected":false},"excerpt":{"rendered":"<p>Unser &#8222;Verein zur F\u00f6rderung der Lesekultur im Einzugsgebiet der Gelstertalschule Hundelshausen e.V.&#8220; f\u00f6rdert das Lesen, organisiert seit 2016 die Ganztagsbetreuung und unterst\u00fctzt uns in vielen schulischen Bereichen. Seit 2018 ist unser Verein auch der Tr\u00e4ger der Ganztagsbetreuung im &#8222;Pakt f\u00fcr den Nachmittag&#8220; und gew\u00e4hrleitet eine Ganztagsbetreuung bis 17 Uhr mit einer Vielzahl an attraktiven AG-Angeboten. &hellip; <a href=\"https:\/\/gelstertalschule.de\/wordpress\/unsere-schule\/foerderverein\/\" class=\"more-link\"><span class=\"screen-reader-text\">F\u00f6rderverein<\/span> weiterlesen <span class=\"meta-nav\">&rarr;<\/span><\/a><\/p>\n","protected":false},"author":2,"featured_media":0,"parent":6,"menu_order":0,"comment_status":"closed","ping_status":"closed","template":"","meta":{"footnotes":""},"class_list":["post-214","page","type-page","status-publish","hentry"],"_links":{"self":[{"href":"https:\/\/gelstertalschule.de\/wordpress\/wp-json\/wp\/v2\/pages\/214","targetHints":{"allow":["GET"]}}],"collection":[{"href":"https:\/\/gelstertalschule.de\/wordpress\/wp-json\/wp\/v2\/pages"}],"about":[{"href":"https:\/\/gelstertalschule.de\/wordpress\/wp-json\/wp\/v2\/types\/page"}],"author":[{"embeddable":true,"href":"https:\/\/gelstertalschule.de\/wordpress\/wp-json\/wp\/v2\/users\/2"}],"replies":[{"embeddable":true,"href":"https:\/\/gelstertalschule.de\/wordpress\/wp-json\/wp\/v2\/comments?post=214"}],"version-history":[{"count":25,"href":"https:\/\/gelstertalschule.de\/wordpress\/wp-json\/wp\/v2\/pages\/214\/revisions"}],"predecessor-version":[{"id":4798,"href":"https:\/\/gelstertalschule.de\/wordpress\/wp-json\/wp\/v2\/pages\/214\/revisions\/4798"}],"up":[{"embeddable":true,"href":"https:\/\/gelstertalschule.de\/wordpress\/wp-json\/wp\/v2\/pages\/6"}],"wp:attachment":[{"href":"https:\/\/gelstertalschule.de\/wordpress\/wp-json\/wp\/v2\/media?parent=214"}],"curies":[{"name":"wp","href":"https:\/\/api.w.org\/{rel}","templated":true}]}}